be u(5). Suppose 4*q = p*y - q - d, -4*y + 23 = -3*q. What is the units digit of y?
8
Let u(a) = -a**2. Let r be u(0). What is the units digit of (-1)/(r - (-3)/(-15))?
5
Let i = 409 - 182. What is the units digit of i?
7
Let i(g) = -g - 2. Let t be i(-3). Suppose t = a - 0*a. What is the units digit of a?
1
Suppose -6 = -4*z + 2. Suppose 2*u = -5*b + 51, -2*u + 4*u = -3*b + 29. Suppose -b = -3*q - z. What is the units digit of q?
3
Let h = 4 - 3. Let l be (-10)/h - 2 - 1. Let c = 19 + l. What is the units digit of c?
6
Suppose 13*z = 11*z + 52. Let n = z + -4. What is the units digit of n?
2
Let d = 75 - 50. What is the tens digit of d?
2
Let t(r) = r**2 - 7*r + 11. What is the units digit of t(6)?
5
Let i be -54*5/((-45)/6). Suppose -i = -b - b. What is the units digit of 14/b - 2/(-9)?
1
Suppose 0 = -0*j + j + 2. Let d(x) = -21*x + 2. What is the units digit of d(j)?
4
Suppose 5*a - 17 = -4*f, 0 = a + 3*f - 0*f - 10. What is the units digit of 6/a*4/6?
4
Let o(x) = 5*x**2 + 6*x - 2. Let g(k) = 9*k**2 + 11*k - 3. Let v(u) = 3*g(u) - 5*o(u). Let s be v(-2). Suppose 29 = s*f + 11. What is the units digit of f?
6
What is the tens digit of 24/(-36) + (-160)/(-6)?
2
Let x be ((-12)/(-18))/((-4)/534). Let c = 132 + x. What is the units digit of c?
3
What is the units digit of -14*((-100)/(-8))/(-5)?
5
Suppose -55 = -s - 5*f, -s - 5*f + 90 = s. Suppose -3*v + s = -31. What is the units digit of v?
2
Let b(d) = -2*d**3 + d**2 - 2*d + 2. Let n be b(2). Let s = n + 28. What is the units digit of s?
4
Let h = 56 + -28. Suppose 2*u - h = -z, z - 2*z = 4*u - 18. What is the tens digit of (-1)/(3/(2 - z))?
1
Suppose l - 8 = 3*l. Let g(f) = -2*f + 1. What is the units digit of g(l)?
9
Let h be 1 - (2 - (2 + 2)). What is the units digit of h/(-2)*20/(-3)?
0
Suppose -6*j + 40 = -j. What is the units digit of (-25)/(-1) - j/4?
3
Suppose 0 = h - 10 + 3. Let p(q) = 2*q**2 - 8*q - 1. What is the units digit of p(h)?
1
Let f(r) = 6*r - 9. Let x(d) = 6*d - 5. Let y(v) = -v + 1. Let m(a) = -x(a) - 5*y(a). Let t(z) = f(z) + 4*m(z). What is the units digit of t(8)?
7
Suppose l - 31 = 14. What is the tens digit of l?
4
Let l = 62 + -40. What is the tens digit of l?
2
Let x(p) = -3*p**3 - 3*p**2 - p - 3. What is the units digit of x(-3)?
4
Suppose -k - 5*k = -336. What is the tens digit of k?
5
Let t(l) be the first derivative of l**3/3 + 9*l**2/2 + 12*l + 6. What is the units digit of t(-11)?
4
Suppose -w = 2*c + 3*w + 22, 3*w = -2*c - 18. Let m(b) be the first derivative of -b**2/2 - 2*b - 17. What is the units digit of m(c)?
1
Let a(o) = -2*o**3 + 4. Let l be a(3). What is the units digit of 4/(-6) + l/(-30)?
1
Suppose -3*x = -9 - 6. Let a be 3/(-18)*-3*-4. Let b = x - a. What is the units digit of b?
7
What is the tens digit of 7/((-14)/(-102))*(1 - 0)?
5
Let d(u) = u**3 + 7*u**2 - 10*u + 8. What is the tens digit of d(-8)?
2
Let z be (-1 + 3)/(6/9). Let o(q) = q**3 + 7*q - 3 - 5*q + 5*q**2 - z*q. What is the units digit of o(-5)?
2
Let y = 39 - -3. What is the tens digit of y?
4
Let f = -11 + -47. Let y = f + 135. What is the units digit of (-26)/(-22) - 14/y?
1
Let o = 1 + 1. Suppose 5*d - t + 33 = -3*t, o*d - 2*t + 2 = 0. Let s(h) = -h + 1. What is the units digit of s(d)?
6
Suppose 0 + 4 = h. What is the units digit of 2/(h/10 + 0)?
5
Suppose -3*r = -a - 14, 3*a + 7 = 3*r - r. Let w = 17 + a. What is the tens digit of ((-66)/w)/(1/(-3))?
1
Suppose 11*z + 498 = 14*z. What is the units digit of z?
6
Let a be ((-6)/12)/(2/52). Let i = 9 + a. Let g = i - -12. What is the units digit of g?
8
Suppose -2*y + 99 = -141. Suppose 0 = 4*k, -2*n + 0*k - 5*k + y = 0. Suppose 0*d = 4*d - n. What is the units digit of d?
5
Let b(t) = -t + 21. Let l be b(12). Suppose 3*z - 30 - l = 0. What is the units digit of z?
3
Let v(n) = -4*n + 1. Let b be ((-42)/(-12))/((-2)/(-4)). Let k(d) = -d + 6. Let r be k(b). What is the units digit of v(r)?
5
Suppose 3*f = -6 + 27. Let r be 1*(-2 + 0) + -3. Let t = f + r. What is the units digit of t?
2
Let o = -91 - -131. What is the units digit of o?
0
Let w(f) = f - 7*f**2 + 5 + 5*f + 0 + f**3 + 0. Suppose 0 = -t - 5*c - 0 - 4, t = -3*c. What is the units digit of w(t)?
5
Let v(k) = -k**3 + 5*k**2 - 2*k + 2. Suppose -3*p - 10 = -22. Suppose -p*h = h - 20. What is the units digit of v(h)?
0
Let j(t) = -t + 1. Let c be j(1). Suppose 7 = 4*n - o - 20, c = -2*o + 10. What is the units digit of n?
8
Suppose -3*a = -3 - 0. What is the units digit of a?
1
Let r = -5 - -18. Let b(d) = 3*d - 7. What is the units digit of b(r)?
2
Let z(p) = p**2 + 6*p + 7. Suppose 2*i - 20 = 6*i. Let d be z(i). Suppose n = -d + 3. What is the units digit of n?
1
Let a(u) = 25*u + 1. Let o be a(2). Let r = o - 31. Suppose -3*m = 2*m - r. What is the units digit of m?
4
Suppose -5*b = -k - 203, 2*b - k = 3*b - 37. What is the units digit of b?
0
Suppose -30 = -5*g - 10. Suppose g*n - 16 = -4*c, 5*c = c - 20. What is the units digit of n?
9
Let s = 507 - 284. What is the hundreds digit of s?
2
Let g(q) = -q - 1. Let n be g(2). Let r be ((-12)/n)/((-2)/3). What is the units digit of 4/r - (-22)/6?
3
Let a(s) = s**3 - s**2 - 2*s + 391. What is the units digit of a(0)?
1
Let r = -6 - -10. What is the units digit of 12/10*10/r?
3
Let d = 34 - -5. What is the tens digit of d?
3
Let s = -115 - -195. Suppose 4*q + s = 6*q. What is the tens digit of q?
4
What is the units digit of (-3)/1 - 13*4/(-2)?
3
Let j = -9 + 20. What is the tens digit of j?
1
Let u(q) = q**3 + 12*q**2 - 13*q + 12. Let n be u(-13). Suppose -2*b - n = 4. Let y = b - -29. What is the units digit of y?
1
Let o(d) = -d**3 - 9*d**2 + 2*d - 20. What is the tens digit of o(-10)?
6
Suppose -2*n = -2 - 0. Suppose 20 = r - n. What is the units digit of r?
1
Suppose -h + 0 = 2, 2*c = 5*h + 14. Let u be -1*10*(-3 + c). Suppose 4*j = 6 + u. What is the units digit of j?
4
Let x(h) = -h**3 + 19*h**2 - 11*h + 26. Let i be x(18). Suppose 2*s + 4*o = 80, -5*s - 2*o = -4*o - i. What is the tens digit of s?
3
Let p(c) = c**3 + 9*c**2 - 2*c - 2. Let j be p(-9). Suppose 4*v = 5*v - j. What is the tens digit of v?
1
Let l(i) = -i**3 + 14*i**2 + 2. Suppose b - 4 + 5 = 0, 4*d - 4*b - 60 = 0. What is the units digit of l(d)?
2
Suppose 2*z + 142 = 4*n - 0*z, 3*n = -z + 119. What is the tens digit of n?
3
Suppose -q - 4*q = -165. What is the tens digit of q?
3
Let j(v) = -v**2 - 11*v - 6. Let c = -35 - -25. Let m be j(c). Suppose 0 = 5*y + n - 31, -m*y + 7*y - 3*n = 15. What is the units digit of y?
6
Let f(m) = -m**2 - 7*m + 3. Let s be f(-7). Suppose 2*d - s*h = h + 4, d - 7 = -3*h. Suppose 5*q + 20 = d*b - 26, b = 3*q + 15. What is the units digit of b?
9
Let k be (-1)/2 - (-54)/12. Suppose -3*j + 5 + 4 = 0. Suppose -j*l = 5*f - 33, 4*l - k - 6 = -f. What is the units digit of f?
6
Let d(v) be the second derivative of v**4/12 + 5*v**3/6 + 3*v. What is the units digit of d(-6)?
6
Suppose 14 = -5*q - 21. Let j = q - -15. What is the units digit of j?
8
Let z(q) = -q + 1. Let u(m) = -5*m + 11. Let f(w) = u(w) - 6*z(w). What is the tens digit of f(7)?
1
Let h be 1*0/(-1 + 0). Let p be -5*(h - (-2 - -3)). Suppose 5*n - 3*n + 2 = 4*y, 0 = -3*n - p*y + 19. What is the units digit of n?
3
Let c = 9 - 6. Suppose -5*s + s = c*p - 27, -2*s - 2*p = -16. Suppose -2*d - s*d + 2*t = -46, d - 4*t - 2 = 0. What is the tens digit of d?
1
Let u = 388 - 229. What is the tens digit of u?
5
Let v = -121 + 217. What is the units digit of v?
6
Let q be 8*2 + (-6)/6. Let r be 10 + 5/(q/6). Let c = 18 - r. What is the units digit of c?
6
Let u(h) = -h**3 + h**2 - h - 4. What is the tens digit of u(-3)?
3
Let j be (-1 - 3)*(-10)/8. Let g be 5/(-25) + 106/j. Suppose 0*z = -2*z + m + g, 0 = 3*z - 5*m - 35. What is the tens digit of z?
1
Let s = -227 + 398. What is the units digit of s/(-3)*(-1)/3?
9
Let x(j) = j**2 + 5*j + 5. Let c be x(-5). Suppose -4*n = c*s - 37, 3*s - 3*n - 5 = 1. Suppose -40 = -s*l + l. What is the tens digit of l?
1
Suppose 3*b + 22 = -5. Let z = -7 - b. What is the units digit of z?
2
Let a(c) = 3*c. Let v be a(4). Let g be (-2 - -5)*52/v. Suppose -4*l - 25 = -3*n + g, 3*n - 2*l = 46. What is the units digit of n?
8
Let d(r) = r + 3. Let f(u) = -u - 3. Let b(y) = 3*d(y) + 2*f(y). Let w be b(8). Suppose 5*n = 36 - w. What is the uni